{"id":400,"date":"2023-11-02T11:15:55","date_gmt":"2023-11-02T10:15:55","guid":{"rendered":"https:\/\/verticalmusgo.proyectos-piano.es\/?page_id=400"},"modified":"2023-11-02T12:15:21","modified_gmt":"2023-11-02T11:15:21","slug":"politica-de-cookies","status":"publish","type":"page","link":"https:\/\/verticalmusgo.proyectos-piano.es\/index.php\/politica-de-cookies\/","title":{"rendered":"Pol\u00edtica de Cookies"},"content":{"rendered":"<p>[et_pb_section fb_built=\u00bb1&#8243; _builder_version=\u00bb4.22.2&#8243; _module_preset=\u00bbdefault\u00bb global_colors_info=\u00bb{}\u00bb][et_pb_row _builder_version=\u00bb4.22.2&#8243; _module_preset=\u00bbdefault\u00bb global_colors_info=\u00bb{}\u00bb][et_pb_column type=\u00bb4_4&#8243; _builder_version=\u00bb4.22.2&#8243; _module_preset=\u00bbdefault\u00bb global_colors_info=\u00bb{}\u00bb][et_pb_text _builder_version=\u00bb4.22.2&#8243; _module_preset=\u00bbdefault\u00bb hover_enabled=\u00bb0&#8243; global_colors_info=\u00bb{}\u00bb sticky_enabled=\u00bb0&#8243;]<\/p>\n<h1 class=\"entry-title main_title\">Pol\u00edtica de Cookies<\/h1>\n<div class=\"entry-content\">\n<div class=\"et_pb_section et_pb_section_0 et_section_regular\">\n<div class=\"et_pb_row et_pb_row_0\">\n<div class=\"et_pb_column et_pb_column_4_4 et_pb_column_0  et_pb_css_mix_blend_mode_passthrough et-last-child\">\n<div class=\"et_pb_module et_pb_text et_pb_text_0  et_pb_text_align_left et_pb_bg_layout_light\">\n<div class=\"et_pb_text_inner\">\n<h2 class=\"rt-block-unstyled\"><em>Cookies:<\/em><\/h2>\n<p class=\"rt-block-unstyled\">Las cookies son archivos de texto muy peque\u00f1os que se almacenan en tu ordenador cuando visitas algunas p\u00e1ginas web. Se utilizan para ayudar a identificar tu ordenador y poder adaptar tu experiencia de usuario, seguimiento del contenido de la cesta de compra y recordar en qu\u00e9 punto del proceso de compra te encuentras. El uso de cookies rastrear\u00e1 las p\u00e1ginas que visitas utilizando Google Analytics, para ver qu\u00e9 p\u00e1ginas web encuentras m\u00e1s interesantes y te permitir\u00e1 compartir p\u00e1ginas en las redes sociales (como Facebook).<\/p>\n<p class=\"rt-block-unstyled\">Cuando visites nuestra p\u00e1gina web, te pediremos que aceptes nuestro uso de cookies de acuerdo con los t\u00e9rminos de esta pol\u00edtica. Puedes desactivar cualquier cookie ya almacenada en tu ordenador, pero esto puede hacer que la p\u00e1gina web no funcione correctamente.<\/p>\n<h2 class=\"rt-block-unstyled\"><em class=\"rt-inline-bold\">Terceros:<\/em><\/h2>\n<p class=\"rt-block-unstyled\">Salvo indicaci\u00f3n expl\u00edcita de lo contrario, no compartiremos informaci\u00f3n personal con terceros, a menos que estemos legalmente obligados a hacerlo o que sea necesario para completar un servicio que has solicitado.<\/p>\n<p class=\"rt-block-unstyled\">Los proveedores de servicios externos y socios como, por ejemplo, proveedores de servicios de pago en l\u00ednea, solo reciben la informaci\u00f3n estrictamente necesaria para completar tu pedido. Aunque hacemos todo lo posible para garantizar que nuestros proveedores de servicios externos cumplen con los requisitos legales; por favor, lee sus pol\u00edticas de protecci\u00f3n de datos. No somos responsables del contenido de los servicios de terceros.<\/p>\n<p class=\"rt-block-unstyled\">Con tu permiso, nuestra p\u00e1gina web utiliza servicios de marketing digital ofrecidos por Facebook (1601 S. California Ave., Palo Alto, CA 94304, EE.UU.) pudiendo publicar anuncios orientados a las personas que han visitado nuestra p\u00e1gina Web. Nosotros no tenemos acceso a los datos personales de ning\u00fan usuario. Facebook puede conectar los datos con tu cuenta de Facebook para sus propios fines, de acuerdo con su pol\u00edtica de uso de datos.<\/p>\n<p class=\"rt-block-unstyled\">Nuestra p\u00e1gina web puede utilizar Google Analytics un servicio de an\u00e1lisis de p\u00e1ginas web de Google Inc. Google utilizar\u00e1 la informaci\u00f3n de las cookies para evaluar el uso y actividad de la p\u00e1gina web. Google puede usar la informaci\u00f3n para sus propios fines, de acuerdo con su pol\u00edtica de uso de datos.<\/p>\n<h2>Google Tag Manager (Administrador de etiquetas de Google):<\/h2>\n<p>Esta p\u00e1gina utiliza Google Tag Manager. Google Tag Manager es una soluci\u00f3n que permite a los vendedores administrar las etiquetas de p\u00e1ginas web a trav\u00e9s de una interfaz gr\u00e1fica. Google Tag Manager (que implementa las etiquetas) es un dominio sin cookies y no recopila datos personales. La herramienta proporciona el desencadenamiento de otras etiquetas, que a su vez pueden recopilar datos. Google Tag Manager no tiene acceso a estos datos. Si la inhabilitaci\u00f3n se realiza en el nivel de dominio o cookie, se mantendr\u00e1 para todas las etiquetas de seguimiento implementadas con Google Tag Manager.<\/p>\n<h2>Finalidad del tratamiento de los datos personales<\/h2>\n<p><strong>DECORACESPED S.L.<\/strong>, tratar\u00e1 los datos del usuario, de manera manual y\/o automatizada, para las siguientes finalidades:<\/p>\n<ul>\n<li>Atender y gestionar adecuadamente las solicitudes de informaci\u00f3n que nos hayan remitido los usuarios a trav\u00e9s de nuestros diferentes canales de comunicaci\u00f3n.<\/li>\n<li>Dar respuesta a las consultas y dudas planteadas en los distintos formularios de contacto.<\/li>\n<li>Elaboraci\u00f3n de perfiles estad\u00edsticos an\u00f3nimos respecto de los datos facilitados.<\/li>\n<li>Gestionar adecuadamente la navegaci\u00f3n a trav\u00e9s del presente sitio web.<\/li>\n<li>An\u00e1lisis estad\u00edsticos de acuerdo a las visitas al sitio web y el comportamiento de los usuarios en la misma.<\/li>\n<li>Dar cumplimiento a las obligaciones legalmente establecidas<\/li>\n<\/ul>\n<\/div>\n<\/div>\n<\/div>\n<\/div>\n<\/div>\n<\/div>\n<p>[\/et_pb_text][\/et_pb_column][\/et_pb_row][\/et_pb_section]<\/p>\n","protected":false},"excerpt":{"rendered":"<p>Pol\u00edtica de Cookies Cookies: Las cookies son archivos de texto muy peque\u00f1os que se almacenan en tu ordenador cuando visitas algunas p\u00e1ginas web. Se utilizan para ayudar a identificar tu ordenador y poder adaptar tu experiencia de usuario, seguimiento del contenido de la cesta de compra y recordar en qu\u00e9 punto del proceso de compra [&hellip;]<\/p>\n","protected":false},"author":1,"featured_media":0,"parent":0,"menu_order":0,"comment_status":"closed","ping_status":"closed","template":"","meta":{"_et_pb_use_builder":"on","_et_pb_old_content":"","_et_gb_content_width":"","footnotes":""},"class_list":["post-400","page","type-page","status-publish","hentry"],"yoast_head":"<!-- This site is optimized with the Yoast SEO plugin v21.2 - https:\/\/yoast.com\/wordpress\/plugins\/seo\/ -->\n<title>Pol\u00edtica de Cookies - Vertical &amp; Musgo<\/title>\n<meta name=\"robots\" content=\"noindex, follow, max-snippet:-1, max-image-preview:large, max-video-preview:-1\" \/>\n<meta property=\"og:locale\" content=\"es_ES\" \/>\n<meta property=\"og:type\" content=\"article\" \/>\n<meta property=\"og:title\" content=\"Pol\u00edtica de Cookies - Vertical &amp; Musgo\" \/>\n<meta property=\"og:description\" content=\"Pol\u00edtica de Cookies Cookies: Las cookies son archivos de texto muy peque\u00f1os que se almacenan en tu ordenador cuando visitas algunas p\u00e1ginas web. Se utilizan para ayudar a identificar tu ordenador y poder adaptar tu experiencia de usuario, seguimiento del contenido de la cesta de compra y recordar en qu\u00e9 punto del proceso de compra [&hellip;]\" \/>\n<meta property=\"og:url\" content=\"https:\/\/verticalmusgo.proyectos-piano.es\/index.php\/politica-de-cookies\/\" \/>\n<meta property=\"og:site_name\" content=\"Vertical &amp; Musgo\" \/>\n<meta property=\"article:modified_time\" content=\"2023-11-02T11:15:21+00:00\" \/>\n<meta name=\"twitter:card\" content=\"summary_large_image\" \/>\n<meta name=\"twitter:label1\" content=\"Tiempo de lectura\" \/>\n\t<meta name=\"twitter:data1\" content=\"3 minutos\" \/>\n<script type=\"application\/ld+json\" class=\"yoast-schema-graph\">{\"@context\":\"https:\/\/schema.org\",\"@graph\":[{\"@type\":\"WebPage\",\"@id\":\"https:\/\/verticalmusgo.proyectos-piano.es\/index.php\/politica-de-cookies\/\",\"url\":\"https:\/\/verticalmusgo.proyectos-piano.es\/index.php\/politica-de-cookies\/\",\"name\":\"Pol\u00edtica de Cookies - Vertical &amp; Musgo\",\"isPartOf\":{\"@id\":\"https:\/\/verticalmusgo.proyectos-piano.es\/#website\"},\"datePublished\":\"2023-11-02T10:15:55+00:00\",\"dateModified\":\"2023-11-02T11:15:21+00:00\",\"breadcrumb\":{\"@id\":\"https:\/\/verticalmusgo.proyectos-piano.es\/index.php\/politica-de-cookies\/#breadcrumb\"},\"inLanguage\":\"es\",\"potentialAction\":[{\"@type\":\"ReadAction\",\"target\":[\"https:\/\/verticalmusgo.proyectos-piano.es\/index.php\/politica-de-cookies\/\"]}]},{\"@type\":\"BreadcrumbList\",\"@id\":\"https:\/\/verticalmusgo.proyectos-piano.es\/index.php\/politica-de-cookies\/#breadcrumb\",\"itemListElement\":[{\"@type\":\"ListItem\",\"position\":1,\"name\":\"Portada\",\"item\":\"https:\/\/verticalmusgo.proyectos-piano.es\/\"},{\"@type\":\"ListItem\",\"position\":2,\"name\":\"Pol\u00edtica de Cookies\"}]},{\"@type\":\"WebSite\",\"@id\":\"https:\/\/verticalmusgo.proyectos-piano.es\/#website\",\"url\":\"https:\/\/verticalmusgo.proyectos-piano.es\/\",\"name\":\"Vertical &amp; Musgo\",\"description\":\"Interiorismo vegetal, jardines verticales, musgos y l\u00edquenes preservados, cuadros vegetales, decoraci\u00f3n y regalos.\",\"potentialAction\":[{\"@type\":\"SearchAction\",\"target\":{\"@type\":\"EntryPoint\",\"urlTemplate\":\"https:\/\/verticalmusgo.proyectos-piano.es\/?s={search_term_string}\"},\"query-input\":\"required name=search_term_string\"}],\"inLanguage\":\"es\"}]}<\/script>\n<!-- \/ Yoast SEO plugin. -->","yoast_head_json":{"title":"Pol\u00edtica de Cookies - Vertical &amp; Musgo","robots":{"index":"noindex","follow":"follow","max-snippet":"max-snippet:-1","max-image-preview":"max-image-preview:large","max-video-preview":"max-video-preview:-1"},"og_locale":"es_ES","og_type":"article","og_title":"Pol\u00edtica de Cookies - Vertical &amp; Musgo","og_description":"Pol\u00edtica de Cookies Cookies: Las cookies son archivos de texto muy peque\u00f1os que se almacenan en tu ordenador cuando visitas algunas p\u00e1ginas web. Se utilizan para ayudar a identificar tu ordenador y poder adaptar tu experiencia de usuario, seguimiento del contenido de la cesta de compra y recordar en qu\u00e9 punto del proceso de compra [&hellip;]","og_url":"https:\/\/verticalmusgo.proyectos-piano.es\/index.php\/politica-de-cookies\/","og_site_name":"Vertical &amp; Musgo","article_modified_time":"2023-11-02T11:15:21+00:00","twitter_card":"summary_large_image","twitter_misc":{"Tiempo de lectura":"3 minutos"},"schema":{"@context":"https:\/\/schema.org","@graph":[{"@type":"WebPage","@id":"https:\/\/verticalmusgo.proyectos-piano.es\/index.php\/politica-de-cookies\/","url":"https:\/\/verticalmusgo.proyectos-piano.es\/index.php\/politica-de-cookies\/","name":"Pol\u00edtica de Cookies - Vertical &amp; Musgo","isPartOf":{"@id":"https:\/\/verticalmusgo.proyectos-piano.es\/#website"},"datePublished":"2023-11-02T10:15:55+00:00","dateModified":"2023-11-02T11:15:21+00:00","breadcrumb":{"@id":"https:\/\/verticalmusgo.proyectos-piano.es\/index.php\/politica-de-cookies\/#breadcrumb"},"inLanguage":"es","potentialAction":[{"@type":"ReadAction","target":["https:\/\/verticalmusgo.proyectos-piano.es\/index.php\/politica-de-cookies\/"]}]},{"@type":"BreadcrumbList","@id":"https:\/\/verticalmusgo.proyectos-piano.es\/index.php\/politica-de-cookies\/#breadcrumb","itemListElement":[{"@type":"ListItem","position":1,"name":"Portada","item":"https:\/\/verticalmusgo.proyectos-piano.es\/"},{"@type":"ListItem","position":2,"name":"Pol\u00edtica de Cookies"}]},{"@type":"WebSite","@id":"https:\/\/verticalmusgo.proyectos-piano.es\/#website","url":"https:\/\/verticalmusgo.proyectos-piano.es\/","name":"Vertical &amp; Musgo","description":"Interiorismo vegetal, jardines verticales, musgos y l\u00edquenes preservados, cuadros vegetales, decoraci\u00f3n y regalos.","potentialAction":[{"@type":"SearchAction","target":{"@type":"EntryPoint","urlTemplate":"https:\/\/verticalmusgo.proyectos-piano.es\/?s={search_term_string}"},"query-input":"required name=search_term_string"}],"inLanguage":"es"}]}},"_links":{"self":[{"href":"https:\/\/verticalmusgo.proyectos-piano.es\/index.php\/wp-json\/wp\/v2\/pages\/400","targetHints":{"allow":["GET"]}}],"collection":[{"href":"https:\/\/verticalmusgo.proyectos-piano.es\/index.php\/wp-json\/wp\/v2\/pages"}],"about":[{"href":"https:\/\/verticalmusgo.proyectos-piano.es\/index.php\/wp-json\/wp\/v2\/types\/page"}],"author":[{"embeddable":true,"href":"https:\/\/verticalmusgo.proyectos-piano.es\/index.php\/wp-json\/wp\/v2\/users\/1"}],"replies":[{"embeddable":true,"href":"https:\/\/verticalmusgo.proyectos-piano.es\/index.php\/wp-json\/wp\/v2\/comments?post=400"}],"version-history":[{"count":4,"href":"https:\/\/verticalmusgo.proyectos-piano.es\/index.php\/wp-json\/wp\/v2\/pages\/400\/revisions"}],"predecessor-version":[{"id":672,"href":"https:\/\/verticalmusgo.proyectos-piano.es\/index.php\/wp-json\/wp\/v2\/pages\/400\/revisions\/672"}],"wp:attachment":[{"href":"https:\/\/verticalmusgo.proyectos-piano.es\/index.php\/wp-json\/wp\/v2\/media?parent=400"}],"curies":[{"name":"wp","href":"https:\/\/api.w.org\/{rel}","templated":true}]}}